{"id":3963,"date":"2022-04-06T09:48:47","date_gmt":"2022-04-06T07:48:47","guid":{"rendered":"http:\/\/www.amateurphoto.fr\/pvcc\/?page_id=3963"},"modified":"2024-10-10T19:18:34","modified_gmt":"2024-10-10T17:18:34","slug":"exposition-arret-sur-image","status":"publish","type":"page","link":"https:\/\/www.amateurphoto.fr\/pvcc\/exposition-arret-sur-image\/","title":{"rendered":"Exposition \u00ab\u00a0Arr\u00eat sur Image\u00a0\u00bb"},"content":{"rendered":"","protected":true},"excerpt":{"rendered":"","protected":true},"author":1,"featured_media":0,"parent":0,"menu_order":0,"comment_status":"closed","ping_status":"closed","template":"","meta":{"ngg_post_thumbnail":0,"_vp_format_video_url":"","_vp_image_focal_point":[],"footnotes":""},"class_list":["post-3963","page","type-page","status-publish","post-password-required","hentry"],"aioseo_notices":[],"builder_content":"<h2>Retrouvez ci-apr\u00e8s les liens pour assurer la gestion de l'exposition :<\/h2>\n<p>Planning permanences<\/p> <p><a href=\"https:\/\/docs.google.com\/spreadsheets\/d\/1Tz6MtT1rpBbUN1f3wYLhe72MPDy2B7vEs2GQ1rqNkAc\/edit?usp=sharing\" target=\"_blank\" rel=\"noopener\">Tableau \u00e0 compl\u00e9ter<\/a><\/p>\n<p>Planning des t\u00e2ches \u00e0 r\u00e9aliser<\/p> <p><a href=\"https:\/\/docs.google.com\/spreadsheets\/d\/1eJThsdSsrsEpvbTFX1WtZUJj2X-Xx3u5\/edit?usp=sharing&amp;ouid=102037575899099231189&amp;rtpof=true&amp;sd=true\" target=\"_blank\" rel=\"noopener\">Tableau \u00e0 compl\u00e9ter<\/a> au fur \u00e0 mesure de l'avancement<\/p>\n<p>Qui expose ? et gestion des consommables<\/p> <p><a href=\"https:\/\/docs.google.com\/spreadsheets\/d\/1NVAA0tv8Ok6Ez9p3g5GKrmthbI8N_rQ4\/edit?usp=sharing&amp;ouid=101355755554681194532&amp;rtpof=true&amp;sd=true\" target=\"_blank\" rel=\"noopener\">Renseignez le tableau<\/a><\/p>\n<p>Vernissage :<\/p> <p><a href=\"https:\/\/docs.google.com\/spreadsheets\/d\/1FOxdLn4alfVlKMquKmbf-wbv_jbwfcqpvH0_eU0nsqM\/edit?usp=sharing\" target=\"_blank\" rel=\"noopener\">Gestion des petits fours<\/a><\/p>","_links":{"self":[{"href":"https:\/\/www.amateurphoto.fr\/pvcc\/wp-json\/wp\/v2\/pages\/3963","targetHints":{"allow":["GET"]}}],"collection":[{"href":"https:\/\/www.amateurphoto.fr\/pvcc\/wp-json\/wp\/v2\/pages"}],"about":[{"href":"https:\/\/www.amateurphoto.fr\/pvcc\/wp-json\/wp\/v2\/types\/page"}],"author":[{"embeddable":true,"href":"https:\/\/www.amateurphoto.fr\/pvcc\/wp-json\/wp\/v2\/users\/1"}],"replies":[{"embeddable":true,"href":"https:\/\/www.amateurphoto.fr\/pvcc\/wp-json\/wp\/v2\/comments?post=3963"}],"version-history":[{"count":14,"href":"https:\/\/www.amateurphoto.fr\/pvcc\/wp-json\/wp\/v2\/pages\/3963\/revisions"}],"predecessor-version":[{"id":9084,"href":"https:\/\/www.amateurphoto.fr\/pvcc\/wp-json\/wp\/v2\/pages\/3963\/revisions\/9084"}],"wp:attachment":[{"href":"https:\/\/www.amateurphoto.fr\/pvcc\/wp-json\/wp\/v2\/media?parent=3963"}],"curies":[{"name":"wp","href":"https:\/\/api.w.org\/{rel}","templated":true}]}}